{"id":17,"date":"2016-08-13T17:48:38","date_gmt":"2016-08-13T15:48:38","guid":{"rendered":"https:\/\/timtom.ch\/stlaurent\/?page_id=17"},"modified":"2026-02-08T13:20:11","modified_gmt":"2026-02-08T12:20:11","slug":"participer","status":"publish","type":"page","link":"https:\/\/confiance.ch\/stlaurent\/participer\/","title":{"rendered":"Participer"},"content":{"rendered":"<h3>Vous avez envie de rejoindre le groupe qui pr\u00e9pare et anime les pri\u00e8res? Bienvenue!<\/h3>\n<p><img loading=\"lazy\" decoding=\"async\" class=\"alignleft size-full wp-image-25\" src=\"https:\/\/confiance.ch\/stlaurent\/wp-content\/uploads\/sites\/5\/2016\/08\/musique.jpg\" alt=\"musique\" width=\"200\" height=\"154\" \/>Les pri\u00e8res sont accompagn\u00e9es par un petit groupe qui entra\u00eene les chants et les accompagne en musique. Tout un chacun d\u00e9sirant se joindre \u00e0 ce petit groupe est le bienvenu. Nous avons besoin de chanteurs, de solistes et de musiciens. Merci de prendre contact\u00a0avec nous (voir adresses en bas de page) en nous disant si vous d\u00e9sirez chanter ou jouer d&rsquo;un instrument, et lequel.<\/p>\n<p>Les partitions sont distribu\u00e9es \u00e0 l&rsquo;avance \u00e0 celles et ceux qui le d\u00e9sirent. Le groupe musique se retrouve avant le d\u00e9but de la pri\u00e8re pour pr\u00e9parer les chants.<\/p>\n<p>Nous avons \u00e9galement besoin de personnes pour d\u00e9corer l&rsquo;\u00e9glise et la ranger apr\u00e8s la pri\u00e8re, ainsi que pour pr\u00e9parer la collation, distribuer les feuilles de chant, accueillir les participants, etc&#8230;<\/p>\n<h4>Heures de rendez-vous le soir de la pri\u00e8re:<\/h4>\n<ul>\n<li>pour la d\u00e9coration: <b>18 h<\/b><\/li>\n<li>pour les musiciens et les chanteurs: <b>18 h\u00a0<\/b><\/li>\n<li>d\u00e9but de la pri\u00e8re: <b>19 h<\/b><\/li>\n<\/ul>\n<h4>Services<\/h4>\n<p>Ces services sont \u00e0 disposition du groupe d&rsquo;animation:<\/p>\n<ul>\n<li>Lectures (Pri\u00e8res, Psaumes et Evangile) du prochain dimanche<\/li>\n<li><a href=\"https:\/\/confiance.ch\/chants\">T\u00e9l\u00e9charger les feuilles de chant et partitions<\/a> (mot de passe n\u00e9cessaire)<\/li>\n<\/ul>\n","protected":false},"excerpt":{"rendered":"<p>Vous avez envie de rejoindre le groupe qui pr\u00e9pare et anime les pri\u00e8res? Bienvenue! Les pri\u00e8res sont accompagn\u00e9es par un petit groupe qui entra\u00eene les chants et les accompagne en musique. Tout un chacun d\u00e9sirant se joindre \u00e0 ce petit groupe est le bienvenu. Nous avons besoin de chanteurs, de solistes et de musiciens. Merci [&hellip;]<\/p>\n","protected":false},"author":1,"featured_media":0,"parent":0,"menu_order":0,"comment_status":"closed","ping_status":"closed","template":"template-fullwidth.php","meta":{"footnotes":""},"class_list":["post-17","page","type-page","status-publish","hentry","post-preview"],"jetpack_sharing_enabled":true,"jetpack_shortlink":"https:\/\/wp.me\/P7SkoI-h","_links":{"self":[{"href":"https:\/\/confiance.ch\/stlaurent\/wp-json\/wp\/v2\/pages\/17","targetHints":{"allow":["GET"]}}],"collection":[{"href":"https:\/\/confiance.ch\/stlaurent\/wp-json\/wp\/v2\/pages"}],"about":[{"href":"https:\/\/confiance.ch\/stlaurent\/wp-json\/wp\/v2\/types\/page"}],"author":[{"embeddable":true,"href":"https:\/\/confiance.ch\/stlaurent\/wp-json\/wp\/v2\/users\/1"}],"replies":[{"embeddable":true,"href":"https:\/\/confiance.ch\/stlaurent\/wp-json\/wp\/v2\/comments?post=17"}],"version-history":[{"count":0,"href":"https:\/\/confiance.ch\/stlaurent\/wp-json\/wp\/v2\/pages\/17\/revisions"}],"wp:attachment":[{"href":"https:\/\/confiance.ch\/stlaurent\/wp-json\/wp\/v2\/media?parent=17"}],"curies":[{"name":"wp","href":"https:\/\/api.w.org\/{rel}","templated":true}]}}